 = o*q. Let v = q + 139. Is v prime?
False
Let o = -214459 + 363164. Is o prime?
False
Suppose 4*w + 3 = 35. Suppose -w*y + 3*y = -3*o + 15409, -o = 3*y - 5155. Is o composite?
True
Suppose -4*z = 5*z - 8109. Let l = 555 - z. Is 24/84 + l/(-14) composite?
True
Suppose 11*y + 18*y = 5*y. Suppose 349*c - 357*c + 241896 = y. Is c composite?
True
Let r(g) be the first derivative of -g**2/2 + 16*g - 24. Let y be r(16). Let w(a) = 4*a + 185. Is w(y) a prime number?
False
Suppose 0 = -2*l + 6*l - 5*t + 16, -4*t = -3*l - 12. Let z be l/(-34) - 1242/153. Is (2/z)/((-4)/1328) prime?
True
Let v = 756 + -712. Suppose 35*c = v*c - 149085. Is c composite?
True
Suppose 0 = 4*p - 2*h + 6, 5*h - 15 = 6*p - 10*p. Suppose p = 2*i - 0*i - 5866. Is i a composite number?
True
Suppose -58*q = -22687232 - 6341246. Is q composite?
True
Let u = -3964 - -15251. Suppose -5*v + 11263 = 3*q, -4*v + 3*v - u = -3*q. Is q a prime number?
True
Is 171/513*(831155 - 2) composite?
False
Let z(o) be the third derivative of -11*o**4/8 - 23*o**3/6 + 11*o**2. Let h be z(8). Is (h/4)/(25/(-100)) a composite number?
True
Let k(l) = 18706*l**2 - 2*l + 23. Is k(2) composite?
False
Let v(o) = 2*o. Let p(s) = -89*s - 124. Let w(h) = p(h) + 3*v(h). Is w(-9) prime?
False
Suppose -2*f = -4*o - 0*o + 18, 0 = 5*f + 5. Let l(t) = 0*t**2 - 7*t + t**2 + o + 6*t - 2*t. Is l(10) composite?
True
Is (-1)/(((-1)/19582)/((-57)/6 + 10)) composite?
False
Let f = -46 - -53. Let q be (-4 + f)/(9/12). Suppose 2*n - t - 1737 = q*t, -5*t = 4*n - 3489. Is n a composite number?
True
Suppose -5*o + 672177 = 2*g, 26*g = 2*o + 21*g - 268894. Is o a prime number?
True
Suppose -14*m - 4*m + 54 = 0. Suppose -9086 = -5*v - 4*p, p = -m*v + 7*v - 7252. Is v composite?
True
Let m(g) = 7*g - 67. Let z be m(12). Let s = 22 - z. Suppose -2*a - 3*v = -1066 - 111, s*a - 2936 = -v. Is a prime?
True
Let v = 1 - -4. Suppose -v*p + 25 = -2*s - 5, p + s + 1 = 0. Suppose -25467 = -p*g - 9*g. Is g a composite number?
True
Let h(z) = -17*z**2 + 8*z - 15. Let a(j) = -32*j**2 + 15*j - 30. Let o(v) = 4*a(v) - 9*h(v). Is o(-16) composite?
False
Suppose 138 = -4*v + 3*q - 6*q, -10 = 5*q. Let p = 43 + v. Let r = 37 + p. Is r composite?
False
Suppose -3612 = -2*y - 2*q + 3948, 0 = -y + 5*q + 3792. Let f = y + -829. Is f a prime number?
True
Let q = 3567 - -475. Let j(p) = -2*p + 3. Let s be j(3). Is 2/s + q/6 composite?
False
Suppose 0 = -790*o + 796*o + 7669200. Is o/(-539) + 6/(-14) a prime number?
True
Suppose -7*z + 2*z = -3*b + 553, -b - 5*z + 171 = 0. Suppose -20 = -5*o, 3*o = 3*n - 2002 + b. Is n a prime number?
False
Let g(v) = 8*v**2 - 3*v - 50. Let x(o) = 9*o**2 - 3*o - 51. Let k(q) = 6*g(q) - 5*x(q). Is k(8) a prime number?
False
Suppose 1360637 - 3079757 = -34*q + 4833802. Is q prime?
False
Let q(t) = 42*t + 10 + 15*t + 12*t. Let j be 24/(-5) - -5 - 34/(-5). Is q(j) a prime number?
False
Suppose -3*h - 5*q - 1809 = -30805, -4*q = -8. Is h composite?
True
Let n(j) = -j**3 - 5*j + 2005. Suppose 6*b = 2*b - f - 2, 2 = -3*b - f. Is n(b) a prime number?
False
Is 566895/(-14)*1/10*-4 composite?
True
Suppose 41*m - 3145448 - 4632949 = 0. Suppose -139*k + 150*k - m = 0. Is k prime?
False
Suppose 0 = -2*t - f + 71335, -4*f - 142672 = -4*t - 8*f. Suppose -3*w + t = 4*r + 2*w, 5*r - 44600 = -3*w. Is r a composite number?
False
Let v(a) = 1667*a + 96. Let w be v(5). Suppose -2*j - w = -3*f, -11242 = 11*f - 15*f + 2*j. Is f a prime number?
False
Let v = 2474 + -3479. Let d = v - -1995. Suppose 4*g - 1321 = 3*t, 0 = -3*g + 6*g - 3*t - d. Is g composite?
False
Let p(i) = 152*i + 5. Let u be 3 - 2/((-10)/(-1905)). Let a be u/(-91) - (-6)/(-39). Is p(a) a composite number?
False
Let j(z) = -z**3 + 32*z**2 + 38*z + 25. Let k be j(33). Suppose 189*q = k*q - 274. Is q a composite number?
True
Is (-13553028)/(-52) + 26 + -14 + (-2)/13 composite?
False
Suppose 0 = -2*b - 9*b - 176. Let w = -14 - b. Suppose -q - 4*q + 901 = w*a, 3*a = -q + 188. Is q a prime number?
True
Is 2/25 - (-209902329)/3075 a prime number?
True
Suppose 3*c - 2538 = -7*y + 3*y, -4*c + y + 3365 = 0. Let a = 284 - c. Let u = a + 1055. Is u a prime number?
False
Suppose -12404595 = -58*j + 1305967. Is j composite?
True
Is 2/((319/(-1595))/(149306/(-20) - 0)) a prime number?
True
Suppose 2*h - 13 = -1. Let t be (-79752)/(-18) - (-2)/h - 0. Is (1 - -1)*(t/6)/7 prime?
True
Let w(r) be the third derivative of r**5/5 - r**4/8 + r**3/3 + 11*r**2. Is w(-5) a prime number?
True
Suppose -4*t - 4*z + 9 = -3, -2 = z. Suppose 39777 = 5*n - 2*q, 0 = t*n + 2*q - 7*q - 39765. Is n prime?
False
Is 19*(7811/1 + (-48)/(112/(-14))) prime?
False
Suppose -3*x + 648018 = 4*f, 11*f - 13*f + 323996 = -5*x. Is f a prime number?
False
Let v be -2 + (528 - 3*(-10)/15). Let r = -419 + v. Is r a composite number?
False
Let c be (-4)/6 - (-66471)/9. Let n be c/(-49) - 4/14. Let z = n - -338. Is z prime?
False
Let f be 1 + -9 - 0/(-5). Let w = -21 - -23. Is (w/f)/(8/328)*-28 composite?
True
Let o = 45016 - -16447. Is o composite?
False
Let i be 4/26 + 275/325. Let a(d) = i + 120*d**3 + 55*d - 2 - 50*d - 3*d**2 + 100*d**3. Is a(2) composite?
True
Suppose k + 10*k = -132. Let j(o) = -139*o - 5. Let f be j(k). Suppose -128 = 5*t - f. Is t composite?
False
Is (19/((-1292)/(-1063112)))/(0 + 1 + 1) prime?
True
Suppose -11897352 = -81*z + 9*z. Is z a composite number?
True
Suppose 2*o - 250 = -5*i, -2*o + 401 = o + i. Suppose -136*k = -o*k - 787. Is k prime?
True
Suppose -5*h + 2135511 = f, -38*h + 42*h + f - 1708408 = 0. Is h prime?
True
Let p(x) = -9321*x + 136. Let s be p(-9). Suppose -s + 4894 = -39*z. Is z a composite number?
False
Let c(o) = -3077*o - 20508. Is c(-137) a prime number?
False
Let c(s) = -4*s**3 - 12*s**2 - 20*s - 117. Is c(-24) composite?
True
Suppose 4*y = -5083 + 819. Let g be 982260/272 + (2 + (-17)/4 - -2). Let s = g + y. Is s a prime number?
False
Suppose 11*s - 510 = -4*s. Let p(m) = 37*m + 25. Is p(s) composite?
False
Suppose 1866261 = 100*a + 526561. Is a prime?
True
Let a = -21791 - -34072. Is a composite?
False
Let r = 5899 - 3666. Suppose -b + r = -2*w, -5*b - 3*w - 774 = -11965. Is b a prime number?
True
Let s be (-2)/(18/(-3213) + 0). Let q = 10 + -7. Suppose 0 = -q*r + 114 + s. Is r composite?
False
Let s be ((-6)/15)/((-1)/(-5)). Let k be 3/s + 33495/30. Let q = -196 + k. Is q composite?
False
Let p(y) = -y**3 + 7*y**2 - 8*y - 8. Let u be p(4). Suppose m - 3*b = 2*m - u, -b - 23 = -2*m. Let s = 68 - m. Is s a prime number?
False
Is 17698255/19 + (-546)/5187 composite?
False
Suppose 3*l + 4*i = 15 - 67, 3*i - 15 = 0. Let t be ((-9)/(-4))/(l/256*4). Is 56181/27 - t/27 prime?
True
Suppose 4*z + 2*l = 28, 0 = 5*z - l + 8 - 36. Let y be (8 + 163)*(0 + 4/z). Suppose -6*u + 1008 = y. Is u a prime number?
True
Let m = -646271 - -1328628. Is m a prime number?
False
Let z be (-9 + -11)/(7/8 - 1). Suppose -5*g = -s - 10479, -2*s + s + 6289 = 3*g. Suppose r + 3*q + z = g, -7699 = -4*r - 3*q. Is r prime?
False
Suppose -11*n + 5832 = -2*n. Suppose 7*j = 35549 + n. Is j a composite number?
False
Let q(n) = 410*n**2 - 2*n + 18. Let l be q(-5). Suppose -1763 = -f + 2*b + 1670, b - l = -3*f. Is f a composite number?
True
Let b(r) = -826*r + 1493. Is b(-5) prime?
True
Let q be (-306)/21 - (-4)/((-28)/3). Let f be (-159)/q + (36/15 - 2). Suppose -6496 + 19245 = f*s. Is s prime?
False
Suppose -21*n = -9*n. Suppose -3*t + 5*x = -6562, 4*t + n*x - 8711 = -x. Is t a composite number?
False
Let b(h) = -8*h**3 + h. Let y be b(-1). Let c be 168/(-49) - (-3)/y. Is (c - -7)*((-269)/(-4) - -2) a prime number?
True
Suppose 2*d + d = -4*d. Suppose d = 29*t - 2230 - 1917. Is t composite?
True
Let h(r) = r**2 + 2*r + 90379. Is h(0) composite?
False
Suppose 0*i + 7*i - 14 = 0. Let u be (-6)/((-2)/i + -1 - -3). Is (-2)/6 - (u - (-25375)/(-21)) composite?
True
Let o = 632848 + -311855. Is o composite?
True
Let k(d) be the third derivative of 5*d**5/4 + 5*d**4/24 - 11*d**3/6 - 9*d**2 + d. Is k(3) prime?
False
Is 2 + 4 - (((-55)/11 - 24645) + 13) a composite number?
True
Suppose 52608 = d - 2*o - 730281, -5*d = 6*o - 3914413. Is d composite?
True
Suppose 12*l - 29 = -5. Suppose -l*w - 767 = -2521. Is w a prime number?
True
Suppose 0 = 16*s - 14*s - 8, -2*s + 32 = -4*r. Let l(a) = -467*a - 31. Is l(r) a composite numbe